t is the units digit of 1877789?
9
What is the hundred thousands digit of 236074?
2
What is the hundreds digit of 149565?
5
What is the units digit of 3817953?
3
What is the thousands digit of 89200?
9
What is the millions digit of 2598531?
2
What is the units digit of 3034758?
8
What is the hundred thousands digit of 8562116?
5
What is the ten thousands digit of 3995324?
9
What is the tens digit of 7635521?
2
What is the hundreds digit of 30716?
7
What is the units digit of 510349?
9
What is the thousands digit of 39491615?
1
What is the units digit of 304545?
5
What is the hundreds digit of 1112247?
2
What is the thousands digit of 11708642?
8
What is the units digit of 2549136?
6
What is the thousands digit of 467357?
7
What is the tens digit of 1514711?
1
What is the ten thousands digit of 569825?
6
What is the ten thousands digit of 254168?
5
What is the hundreds digit of 1493476?
4
What is the ten thousands digit of 7818880?
1
What is the tens digit of 1067570?
7
What is the hundreds digit of 6109181?
1
What is the hundreds digit of 157889?
8
What is the tens digit of 300879?
7
What is the tens digit of 3172172?
7
What is the hundred thousands digit of 505787?
5
What is the units digit of 645839?
9
What is the ten millions digit of 26243635?
2
What is the hundred thousands digit of 4966307?
9
What is the ten thousands digit of 194045?
9
What is the hundred thousands digit of 10322286?
3
What is the units digit of 7973503?
3
What is the hundreds digit of 993258?
2
What is the thousands digit of 2198245?
8
What is the tens digit of 99646?
4
What is the ten thousands digit of 199763?
9
What is the ten thousands digit of 19740?
1
What is the tens digit of 10227504?
0
What is the ten thousands digit of 385989?
8
What is the hundreds digit of 495952?
9
What is the ten thousands digit of 32611?
3
What is the units digit of 5426772?
2
What is the thousands digit of 246168?
6
What is the millions digit of 5295871?
5
What is the millions digit of 4525957?
4
What is the ten thousands digit of 2437325?
3
What is the units digit of 7175177?
7
What is the units digit of 158658?
8
What is the units digit of 4035603?
3
What is the tens digit of 480544?
4
What is the hundreds digit of 4779111?
1
What is the thousands digit of 1002352?
2
What is the thousands digit of 317221?
7
What is the ten thousands digit of 596707?
9
What is the thousands digit of 197402?
7
What is the units digit of 1627490?
0
What is the hundred thousands digit of 116117?
1
What is the hundreds digit of 358126?
1
What is the ten thousands digit of 11490083?
9
What is the hundreds digit of 3382010?
0
What is the hundreds digit of 304801?
8
What is the hundreds digit of 253105?
1
What is the units digit of 29277509?
9
What is the tens digit of 847369?
6
What is the thousands digit of 333014?
3
What is the hundreds digit of 4995422?
4
What is the units digit of 5145615?
5
What is the thousands digit of 77517?
7
What is the units digit of 1450023?
3
What is the hundred thousands digit of 147910?
1
What is the hundreds digit of 677047?
0
What is the hundreds digit of 508832?
8
What is the tens digit of 12692675?
7
What is the thousands digit of 96625?
6
What is the units digit of 663482?
2
What is the hundred thousands digit of 457521?
4
What is the ten thousands digit of 629498?
2
What is the thousands digit of 592445?
2
What is the hundreds digit of 2009101?
1
What is the thousands digit of 6980761?
0
What is the ten millions digit of 15216195?
1
What is the tens digit of 1226834?
3
What is the millions digit of 10383832?
0
What is the tens digit of 384874?
7
What is the hundred thousands digit of 4595731?
5
What is the units digit of 66036?
6
What is the thousands digit of 942131?
2
What is the hundreds digit of 318846?
8
What is the units digit of 173085?
5
What is the thousands digit of 244735?
4
What is the hundreds digit of 1335601?
6
What is the millions digit of 25126520?
5
What is the ten thousands digit of 5777216?
7
What is the tens digit of 6468433?
3
What is the ten thousands digit of 9208567?
0
What is the tens digit of 598494?
9
What is the thousands digit of 11527640?
7
What is the tens digit of 10630380?
8
What is the tens digit of 400718?
1
What is the ten thousands digit of 6765871?
6
What is the hundreds digit of 23235588?
5
What is the hundred thousands digit of 1307181?
3
What is the thousands digit of 6847325?
7
What is the units digit of 1262965?
5
What is the millions digit of 11246579?
1
What is the thousands digit of 562339?
2
What is the ten thousands digit of 26802273?
0
What is the hundred thousands digit of 649292?
6
What is the thousands digit of 21310839?
0
What is the units digit of 443212?
2
What is the ten thousands digit of 174461?
7
What is the hundreds digit of 23062742?
7
What is the ten thousands digit of 171413?
7
What is the millions digit of 1898469?
1
What is the ten thousands digit of 24202343?
0
What is the thousands digit of 115268?
5
What is the hundreds digit of 434034?
0
What is the tens digit of 711617?
1
What is the tens digit of 1637964?
6
What is the thousands digit of 63023?
3
What is the thousands digit of 19253421?
3
What is the ten millions digit of 20961627?
2
What is the thousands digit of 773989?
3
What is the hundred thousands digit of 508640?
5
What is the thousands digit of 20514931?
4
What is the units digit of 3609684?
4
What is the units digit of 17500298?
8
What is the hundred thousands digit of 211408?
2
What is the hundred thousands digit of 1867282?
8
What is the units digit of 56543?
3
What is the tens digit of 153780?
8
What is the tens digit of 13038582?
8
What is the millions digit of 11577736?
1
What is the hundred thousands digit of 18208228?
2
What is the hundreds digit of 6530490?
4
What is the hundred thousands digit of 3157019?
1
What is the units digit of 1132536?
6
What is the thousands digit of 6055857?
5
What is the ten thousands digit of 1082788?
8
What is the hundreds digit of 1239631?
6
What is the units digit of 376458?
8
What is the hundreds digit of 152467?
4
What is the hundreds digit of 935061?
0
What is the ten thousands digit of 2987750?
8
What is the hundreds digit of 858172?
1
What is the hundred thousands digit of 1892710?
8
What is the hundred thousands digit of 508912?
5
What is the millions digit of 2338269?
2
What is the millions digit of 1116978?
1
What is the hundred thousands digit of 2436783?
4
What is the hundreds digit of 2226480?
4
What is the ten thousands digit of 539570?
3
What is the ten thousands digit of 29643?
2
What is the thousands digit of 2532170?
2
What is the hundred thousands digit of 1403527?
4
What is the hundreds digit of 94334?
3
What is the hundred thousands digit of 7080573?
0
What is the hundreds digit of 18328878?
8
What is the hundred thousands digit of 29307132?
3
What is the thousands digit of 35455?
5
What is the ten thousands digit of 3044684?
4
What is the ten thousands digit of 8777131?
7
What is the thousands digit of 5235061?
5
What is the hundreds digit of 1045499?
4
What is the ten thousands digit of 336088?
3
What is the ten thousands digit of 2807316?
0
What is the tens digit of 87516?
1
What is the tens digit of 1247781?
8
What is the thousands digit of 543079?
3
What is the ten thousands digit of 431454?
3
What is the ten thousands digit of 389827?
8
What is the thousands digit of 10167763?
7
What is the units digit of 7984199?
9
What is the thousands digit of 1245553?
5
What is the hundred thousands digit of 2555707?
5
What is the hundreds digit of 97784?
7
What is the millions digit of 2538136?
2
What is the hundreds digit of 12330525?
5
What is the ten thousands digit of 324572?
2
What is the thousands digit of 5455096?
5
What is the tens digit of 243627?
2
What is the units digit of 274032?
2
What is the thousands digit of 2260988?
0
What is the millions digit of 13402058?
3
What is the hundred thousands digit of 10299142?
2
What is the hundreds digit of 21758112?
1
What is the units digit of 2865263?
3
What is the tens digit of 230624?
2
What is the hundred thousands digit of 105646?
1
What is the tens digit of 3566458?
5
What is the millions digit of 2524149?
2
What is the thousands digit of 2045783?
5
What is the tens digit of 96